{"id":1113,"date":"2025-11-26T10:00:34","date_gmt":"2025-11-26T10:00:34","guid":{"rendered":"https:\/\/fachjan.nl\/project\/bucidas-im-varso-tower-in-warschau-polen\/"},"modified":"2025-11-26T10:00:34","modified_gmt":"2025-11-26T10:00:34","slug":"bucidas-im-varso-tower-in-warschau-polen","status":"publish","type":"project","link":"https:\/\/fachjan.nl\/de\/project\/bucidas-im-varso-tower-in-warschau-polen\/","title":{"rendered":"Bucidas im Varso Tower in Warschau, Polen"},"content":{"rendered":"<p>Fachjan hat B\u00e4ume (Bucida buceras) und Pflanzen f\u00fcr den \u201eVarso Tower\u201c in Warschau, Polen, geliefert.<\/p>\n<p>Der Komplex besteht aus drei Geb\u00e4uden, darunter der wichtigste, der Varso-Turm, mit einer H\u00f6he von 310 m. Dies ist das h\u00f6chste Geb\u00e4ude in Polen, das h\u00f6chste Geb\u00e4ude in der Europ\u00e4ischen Union und das sechsth\u00f6chste Geb\u00e4ude in Europa. Gr\u00fcninstallation: Firma Hadart.<\/p>\n","protected":false},"featured_media":1114,"parent":0,"template":"","meta":{"_acf_changed":false},"class_list":["post-1113","project","type-project","status-publish","has-post-thumbnail","hentry"],"acf":[],"_links":{"self":[{"href":"https:\/\/fachjan.nl\/de\/wp-json\/wp\/v2\/project\/1113","targetHints":{"allow":["GET"]}}],"collection":[{"href":"https:\/\/fachjan.nl\/de\/wp-json\/wp\/v2\/project"}],"about":[{"href":"https:\/\/fachjan.nl\/de\/wp-json\/wp\/v2\/types\/project"}],"wp:featuredmedia":[{"embeddable":true,"href":"https:\/\/fachjan.nl\/de\/wp-json\/wp\/v2\/media\/1114"}],"wp:attachment":[{"href":"https:\/\/fachjan.nl\/de\/wp-json\/wp\/v2\/media?parent=1113"}],"curies":[{"name":"wp","href":"https:\/\/api.w.org\/{rel}","templated":true}]}}

<p>Fachjan hat Bäume (Bucida buceras) und Pflanzen für den „Varso Tower“ in Warschau, Polen, geliefert.</p>
<p>Der Komplex besteht aus drei Gebäuden, darunter der wichtigste, der Varso-Turm, mit einer Höhe von 310 m. Dies ist das höchste Gebäude in Polen, das höchste Gebäude in der Europäischen Union und das sechsthöchste Gebäude in Europa. Grüninstallation: Firma Hadart.</p>
